ve m(89).
-20
Let c(l) = l**3 + 27*l**2 - 1096*l - 29172. What is c(-26)?
0
Let m(s) = s**3 - 74*s**2 + 75*s + 1032. Determine m(73).
1178
Let r(x) = 557*x - 197585. Determine r(354).
-407
Let u(b) = -b**3 - 151*b**2 + 2668*b - 626. What is u(-167)?
42
Let s(x) = 35527*x + 106515. What is s(-3)?
-66
Let q(k) = 2*k**3 - 239*k**2 + 3657*k - 63. Calculate q(18).
-9
Let s(f) = -3*f**3 - 454*f**2 + 749*f - 295. Give s(1).
-3
Let f(c) = 229*c**2 + 1449*c + 514. Determine f(-6).
64
Let y(t) = -266*t**3 + t**2 - 143*t - 146. Give y(-1).
264
Let n(l) = 4*l**3 - 5*l**2 + 387*l - 1577. Give n(6).
1429
Let b(u) = 2732*u + 221338. Calculate b(-81).
46
Let x(l) = -4*l**2 + 228*l + 6. Calculate x(53).
854
Let o(q) = -2953*q + 26591. Determine o(9).
14
Let y(o) = -87830*o - 1756597. Determine y(-20).
3
Let s(c) = 2*c**2 + 93*c + 702. Give s(-10).
-28
Let c(a) = -2*a**2 - 458*a - 17358. Determine c(-181).
18
Let x(y) = y**2 + 2956*y - 29485. Calculate x(10).
175
Let a(s) = -s**3 - 45*s**2 + 3923*s - 11. What is a(44)?
297
Let t(x) = -1446*x - 19223. Calculate t(-15).
2467
Let y(j) = -47*j**2 + 1248*j - 4703. Determine y(22).
5
Let k(d) = -557*d + 3080. Calculate k(6).
-262
Let d(x) = 88591*x + 354342. Determine d(-4).
-22
Let k(h) = 2*h**2 - 165851*h - 663436. What is k(-4)?
0
Let s(j) = 3*j**3 - 71*j**2 + 388*j - 57. Determine s(6).
363
Let b(t) = -5*t**3 + 4*t**2 - t + 339. Calculate b(0).
339
Let w(g) = -3*g**3 + 32*g**2 - 41209*g + 453416. What is w(11)?
-4
Let b(c) = -15008*c - 75051. Calculate b(-5).
-11
Let m(p) = -31*p**2 + 51*p - 17. Calculate m(-4).
-717
Let w(d) = 13*d**3 + 1771*d**2 + 291*d - 15929. Calculate w(-136).
-17
Let u(l) = -4*l**2 + 10271*l - 10270. Give u(1).
-3
Let f(n) = -n**3 + 41*n**2 + 34*n - 19. Determine f(42).
-355
Let x(h) = 99*h**2 - 1077*h - 158. Calculate x(11).
-26
Let w(t) = -254*t**2 - 17019*t - 75. Calculate w(-67).
-8
Let x(m) = m**2 - 156*m - 4763. Give x(-26).
-31
Let o(g) = -6*g**3 + 95*g**2 + 10*g + 90. Determine o(16).
-6
Let s(c) = c**3 - 141*c**2 - 2866*c + 612. What is s(159)?
-24
Let s(o) = -2*o**2 - 98*o - 407. Give s(-29).
753
Let r(l) = -39*l**2 - 8286*l - 8281. Determine r(-1).
-34
Let a(i) = -i**3 - 53*i**2 - 293*i + 191. Give a(-47).
708
Let o(z) = z**2 - 274*z - 4637. Determine o(-16).
3
Let u(g) = -3*g**3 + 21*g**2 - 135*g - 14. Give u(8).
-1286
Let n(s) = 5*s**2 + 420*s - 5212. Give n(11).
13
Let h(l) = -10*l**2 - 425*l + 674. Calculate h(-44).
14
Let v(i) = -4*i**2 + 32*i + 13343. Calculate v(-54).
-49
Let b(j) = 20*j**2 + 156*j - 35. Give b(-7).
-147
Let t(f) = 32*f**2 - 9911*f - 19827. What is t(-2)?
123
Let w(t) = t**3 + 261*t**2 - 1608*t - 1598. What is w(-267)?
4
Let n(k) = 71*k**2 + 1400*k - 348. Determine n(-20).
52
Let r(i) = 335580*i - 7. Determine r(0).
-7
Let o(g) = -368464*g + 2210786. Give o(6).
2
Let o(q) = 17818*q + 179246. What is o(-10)?
1066
Let d(c) = -704*c - 95924. Give d(-138).
1228
Let f(o) = -10*o**3 - 1101*o**2 - 140*o - 1272. Calculate f(-110).
2028
Let n(q) = 2*q**3 - 1597*q**2 + 3194*q - 4. What is n(2)?
12
Let m(f) = -3*f**2 + 785*f - 50597. What is m(115)?
3
Let a(u) = -2*u**3 + 87*u**2 - 1345*u + 21486. What is a(33)?
-30
Let n(w) = -5*w**3 + 191*w**2 - 44*w + 187. Determine n(38).
-41
Let u(z) = -z**2 - 1288*z - 90980. Calculate u(-75).
-5
Let d(k) = -623*k - 52279. Give d(-84).
53
Let z(c) = 1115*c + 24758. Determine z(-20).
2458
Let t(m) = -4259*m + 851810. What is t(200)?
10
Let h(q) = -293232*q - 3225531. Calculate h(-11).
21
Let f(i) = -11*i**3 - 1508*i**2 - 135*i + 272. Calculate f(-137).
-2
Let t(h) = 4*h**2 - 30262*h + 30263. What is t(1)?
5
Let b(u) = -u**3 - 2*u**2 - 637*u + 3234. What is b(5)?
-126
Let p(q) = 709*q + 2027. What is p(-2)?
609
Let j(a) = 3299*a + 50017. Calculate j(-15).
532
Let q(j) = 5650891*j + 22603569. Calculate q(-4).
5
Let v(n) = n**3 - 252*n**2 + 5487*n - 2936. What is v(228)?
484
Let g(j) = -j**3 + 20*j**2 - 257*j + 4810. Calculate g(20).
-330
Let g(l) = l**3 + 44*l**2 + 485*l - 23108. Give g(16).
12
Let m(k) = -66*k + 1330. What is m(34)?
-914
Let m(s) = -s**3 - 52*s**2 + 458*s + 188. What is m(8)?
12
Let u(c) = 4762*c + 1376237. Determine u(-289).
19
Let j(q) = -14414*q - 71852. Give j(-5).
218
Let u(h) = 9386*h + 84420. Calculate u(-9).
-54
Let k(f) = 7*f**3 - 363*f**2 - 444*f + 926. Calculate k(53).
-134
Let f(o) = -80752*o + 3795356. Give f(47).
12
Let i(c) = 5*c**2 + 2804*c - 16833. Give i(6).
171
Let b(x) = -2*x**3 - 1131*x**2 - 4899*x + 84152. Give b(-561).
2
Let r(q) = -3*q**2 + 1318*q + 25631. What is r(458)?
-17
Let y(v) = -56*v**2 + 3810*v - 109. Determine y(68).
27
Let r(p) = 6*p**2 - 186*p + 1024. Determine r(20).
-296
Let r(m) = -2*m**3 - 578*m**2 - 26785*m + 2561. Determine r(-231).
20
Let s(i) = i**3 + 116*i**2 + 124*i + 617. Determine s(-115).
-418
Let v(x) = -2*x**2 - 8104*x - 3533676. Calculate v(-497).
-6
Let o(y) = -660652*y - 3963904. Determine o(-6).
8
Let c(m) = 349*m**3 + 1027*m**2 - 61*m - 9. Calculate c(-3).
-6
Let c(i) = 11572*i + 358768. Determine c(-31).
36
Let g(w) = 143*w - 1438. Give g(10).
-8
Let y(s) = 2*s**3 + 158*s**2 - 842*s + 712. Give y(-84).
880
Let g(d) = -4*d**2 - 36*d - 616. Give g(-15).
-976
Let b(h) = 8*h**3 - 38*h**2 - 195*h - 58. Determine b(8).
46
Let p(l) = -8*l**2 + 116*l + 527. Calculate p(17).
187
Let t(i) = -i**3 + 199*i**2 + 2241*i - 81. Calculate t(-11).
678
Let j(s) = -s**3 - 78*s**2 + 178*s - 1775. Give j(-81).
3490
Let o(h) = 152*h**2 + 5038*h + 1130. Calculate o(-33).
404
Let w(q) = 403130*q - 1209382. What is w(3)?
8
Let f(d) = 142*d + 12361. Give f(-99).
-1697
Let a(d) = -434*d + 16893. Calculate a(47).
-3505
Let b(n) = -n**3 + 775*n**2 - 134902*n - 481. Give b(264).
47
Let c(t) = 3*t**3 - 15*t**2 - 2079*t + 8309. Determine c(4).
-55
Let z(h) = -37*h**3 - 3011*h**2 - 1139*h - 409. What is z(-81)?
-4
Let n(y) = 2*y**2 - 2460*y - 1144803. Calculate n(-360).
-3
Let g(y) = 29*y**2 - 1993*y - 541. Calculate g(69).
11
Let a(v) = v**3 + 17*v**2 - 154*v - 2852. What is a(-17)?
-234
Let t(q) = 5*q**3 - 1124*q**2 - 9552*q - 187. Determine t(233).
46
Let a(b) = 3409*b + 23946. Calculate a(-7).
83
Let s(q) = -529*q + 158185. Calculate s(299).
14
Let n(g) = 79*g**2 + 695*g + 22. Give n(-9).
166
Let l(d) = 95*d**2 - 1330*d + 313. Determine l(14).
313
Let c(v) = 2*v**3 - 12*v**2 - 114*v + 848. Calculate c(9).
308
Let o(p) = -105*p**2 - 1362*p + 2727. Give o(2).
-417
Let g(v) = -20*v**2 - 214*v + 3098. Calculate g(-19).
-56
Let p(d) = 36039*d - 468496. Determine p(13).
11
Let s(u) = u**3 - 1783*u**2 - 12627*u - 672. Calculate s(-7).
7
Let b(t) = 1092*t - 218277. Determine b(200).
123
Let n(s) = -5*s**3 + 43*s**2 + 10*s - 58. Give n(1).
-10
Let l(h) = 1596*h - 23418. What is l(14)?
-1074
Let z(x) = -x**2 + 200*x - 2912. Give z(15).
-137
Let u(g) = -109*g - 5378. Give u(-60).
1162
Let f(y) = 5*y**2 - 169*y - 693. Calculate f(-4).
63
Let h(m) = 337*m + 66846. Determine h(-195).
1131
Let u(m) = -6*m**2 + 124*m - 595. What is u(12)?
29
Let n(i) = 15*i**3 + 368*i**2 - 2254*i - 18. Determine n(6).
2946
Let c(w) = 443*w + 20795. Calculate c(-47).
-26
Let s(c) = 75*c + 15655. Determine s(-201).
580
Let o(t) = -t**3 + 559*t**2 - 4398*t - 5500. Determine o(551).
10
Let f(m) = -m**3 + 19*m**2 + 919*m - 6003. Determine f(6).
-21
Let r(o) = -148642*o**2 - 1635064*o - 16. What is r(-11)?
6
Let l(z) = 2068*z - 43421. Determine l(21).
7
Let b(d) = -2087*d**3 - 5*d**2 - 4*d - 3. Determine b(-1).
2083
Let i(m) = -20*m**3 + 19030*m**2 - 18977*m - 53. Give i(1).
-20
Let r(c) = -2*c**2 + 792*c + 14878. Calculate r(-18).
-26
Let d(n) = n**3 + 165*n**2 - 1011*n - 140277. Calculate d(-166).
-7
Let k(n) = 4*n**2 + 774*n - 4356. Calculate k(-199).
22
Let n(k) = 2*k**3 + 79*k**2 - 365*k - 20354. Determine n(-37).
-4
Let d(q) = -8*q**2 - 2606*q - 212083. Give d(-167).
7
Let g(a) = -1045*a - 11311. Determine g(-10).
-861
Let l(s) = -3*s**3 + 437*s**2 + 188*s - 6136. Give l(146).
-4
Let f(i) = -3657*i**2 - 65820*i - 30. What is f(-18)?
-138
Let h(d) = 2026*d + 2889. Determine h(-1).
863
Let t(z) = -152165*z - 5782223. Calculate t(-38).
47
Let g(u) = 5*u**2 - 1355*u - 10929. Determine g(-8).
231
Let w(b) = 4512*b + 45118. Calculate w(-10).
-2
Let g(c) = 4682*c - 107674. What is g(23)?
12
Let p(a) = 2*a**2 + 558*a + 2